821. Is o prime?
False
Let v = 117 - -126. Suppose -1947 = -5*p - r, -r - 533 = -2*p + v. Is p composite?
False
Suppose 3*m - c + 34 = 0, -4*m - 6*c - 36 = -5*c. Let d(s) = 39*s**2 + 12*s + 13. Is d(m) prime?
True
Let w(g) = 47*g - 29. Suppose 105*u = 101*u + 56. Is w(u) prime?
False
Let z(a) = a**2 - 9*a + 4. Let x = 60 - 51. Let q be z(x). Suppose 30 = y + q*y. Is y composite?
True
Suppose -1426 = -4*q + 3*w, 3*w + 22 - 28 = 0. Suppose 2*f = q + 64. Is f composite?
False
Let z be (1 + 3/(-2))/(1/(-9448)). Suppose 462 + z = 2*q - 2*p, -5*q - 2*p = -12993. Suppose 5*v = q - 402. Is v a prime number?
True
Let i be 33297/9 + -8*(-8)/192. Suppose 10785 = -2*k - 3*k. Let q = k + i. Is q a prime number?
True
Let b(d) = 47*d + 40. Suppose 6*n = 11*n. Suppose n = v + 4*m - 15, 2*m + 18 = 2*v - 2*m. Is b(v) prime?
True
Suppose -5*j - 175966 = -o, -164*o + 167*o + 4*j - 527841 = 0. Is o prime?
False
Let y be (264/(-55))/(3/(-130)). Is 28662/4*(-8 + y/24) a composite number?
True
Let l be ((-4)/(-6))/(2/48). Let d be (-6 - 0)*12/72*-3345. Suppose -l*x = -11*x - d. Is x composite?
True
Let a(c) = 293282*c - 135. Is a(1) composite?
False
Suppose -2*z + 5 = -g, -7 = -2*z + 6*g - 3*g. Suppose l + z*l = 15. Suppose i = -l*i + 7602. Is i a prime number?
False
Suppose -5*x + 355782 = 3*n - 79253, -2*x + 174014 = 5*n. Is x composite?
True
Suppose -2526833 - 311583269 = -333*u + 210977951. Is u a composite number?
True
Let i = 232 - 1057. Suppose 806 = -t + 2752. Let h = t + i. Is h composite?
True
Suppose -19*y + 21*y - 3*a = 9772, -4*a + 14675 = 3*y. Suppose -6*h + y = -3541. Is h a composite number?
True
Suppose 841 = -l + 5*d, -4*d = -5*l - 406 - 3715. Let o = l - -2467. Is o composite?
True
Let u(l) = -24202*l - 1339. Is u(-5) prime?
True
Let u(j) = 245*j**2 + 5*j - 37. Let c(l) = -82*l**2 - l + 12. Let a(r) = 8*c(r) + 3*u(r). Is a(4) composite?
False
Let w = 31373 - 7198. Suppose -w = 34*g - 39*g. Is g composite?
True
Suppose -35*x + 1051165 + 1214759 = 290699. Is x prime?
False
Let j(h) = -64*h**3 - 16*h**2 - 24*h - 23. Is j(-11) a prime number?
False
Let f be 7/56*4*12/2. Suppose f*z + 5*t = 9*t + 3833, t = -z + 1273. Let w = z - 556. Is w a prime number?
True
Suppose 3*d = -2*j + 16930, 3*d + 3*j = 5*d - 11278. Suppose 4*u + 70 = d. Is u composite?
True
Suppose 284 + 826 = b. Is (2 - (7 + -4)) + b a prime number?
True
Let r(w) = 332*w**2 + 8*w + 3. Let t be 315/70*8/(-18). Is r(t) a prime number?
False
Suppose -7*w - 96 = -110. Suppose -4*d = -2*c - 17154, 4*d - 2*c = w*d + 8576. Is d a composite number?
False
Let j = 159562 - 65289. Is j prime?
True
Suppose 0 = -2*i - 3*q + 41 + 2, 0 = -3*i + 3*q + 27. Suppose -4*c + i = 2*d, 1 = -10*d + 11*d. Let x(h) = 416*h + 5. Is x(c) composite?
True
Let x be (-8775)/(-39)*(-1)/1. Is (-130775)/x + (-2)/9 prime?
False
Let p(a) = 3*a - 22. Let n be p(9). Suppose 5*f + 3865 = n*b, -2*b - 5*f = 2*b - 3074. Is b composite?
True
Suppose -2*h = s - 3, -h - 8 + 13 = -3*s. Suppose x + 1 = 0, h*j = -6*x + 2*x - 40. Let n(m) = m**3 + 20*m**2 - 24*m - 25. Is n(j) prime?
False
Let r be ((-126)/(0 - 6))/1. Suppose 5*z + r*z = 28886. Is z a composite number?
True
Let t be (-4)/(-3)*(-45306)/4. Let i(r) = -r**2 - 25*r - 113. Let q be i(-6). Is t/(-36)*2/q composite?
False
Suppose 0 = 107*x - 80*x - 6815637. Is x a prime number?
True
Suppose -4*y = -5*y - j + 68, -y = -4*j - 93. Suppose -r = 3*r + v + y, v = 2*r + 35. Is 963/2 + 9/r composite?
True
Suppose -3*v + 2*h + 38257 = -506306, 4*v - 726104 = -4*h. Is v a composite number?
False
Let w = -842 - -842. Suppose -2*r = m - 14111, -r - r + 4 = w. Is m a composite number?
False
Suppose -l = 3*l - 8. Suppose 53 + l = -3*n - 2*o, o = -5. Is -1*(-9235)/n*-3 a prime number?
True
Suppose -5*o = -30 + 150. Is ((-33379)/2)/(12 - (-300)/o) composite?
True
Let y(l) = 10159*l - 6333. Is y(10) a prime number?
True
Let d be 14 - -2 - 6/(-6). Suppose d = -3*l + 35. Suppose 4*h + 7*c = 3*c + 7808, -l = -2*c. Is h a prime number?
True
Let y = 241 + -239. Suppose 2*g - 481 = -h, y*g - 15 = 3*h + 454. Is g prime?
True
Let h = -4899 - -14386. Is h prime?
False
Let x(j) = 13649*j**3 - 4*j**2 + 17*j - 43. Is x(3) a composite number?
True
Is ((96/(-28))/((-6)/(-21)) - -5) + 118368 composite?
False
Let l = -317 - -321. Suppose -2*t + 5*k = -4886, -l*t + 13*k - 9*k = -9796. Is t composite?
True
Let w be (-5 - (-4)/((-24)/(-70)))*-3. Is (-48831)/(-5) + (-16)/w a prime number?
True
Is 386/(-3667) + (-17)/19 + 34*1241 a composite number?
False
Suppose 2*v = -5*c - 16355, 8180 = -v - 0*c - 3*c. Let a = -1698 - v. Is a prime?
False
Suppose 0 = -204*n + 209*n - 20. Is (-8)/n*2 + (2 - -1917) prime?
False
Let c be (105/30)/(-7 + (-129)/(-18)). Let a(w) = 916*w**2 - 2*w - 1. Let f be a(-1). Suppose c*i = 22*i - f. Is i prime?
False
Let u = -59 - -11. Let l = u + 52. Suppose 3*d - 2*t + 521 = l*d, d + 4*t - 521 = 0. Is d a composite number?
False
Let g = 1186413 - 754000. Is g a prime number?
True
Let m be 1/(2/3 + (-45)/108). Suppose 0 = -m*v - 5*u + 18692, v - 2*u = 2*u + 4673. Is v prime?
True
Let a(w) = 34*w - 107. Let y(i) = -34*i + 101. Let p(f) = -6*a(f) - 7*y(f). Is p(37) a composite number?
False
Suppose -w + 965 + 1624 = 0. Let g be -2*2/((-12)/9). Suppose -2*s - g*f = -w - 1505, 0 = -f. Is s a prime number?
False
Let n be (1 - 1) + (-8 - -7) - -1. Suppose -624 = -4*l + x, -3*l + n*x + 479 = 2*x. Is l prime?
True
Suppose 5*w + 3728 = 4*k, -7*w + 2*w = 3*k - 2831. Let o = k + -350. Is o a prime number?
True
Let a(w) be the third derivative of -w**6/40 - w**5/15 - w**4/8 + 15*w**2. Let h be a(-2). Suppose h*t = 17*t - 165. Is t composite?
True
Suppose 4*z - 3*f = -z - 8226, -3*z - 4956 = 5*f. Suppose 8766 = -4*q - 2090. Let p = z - q. Is p a prime number?
False
Suppose -w + 45305 = -36381 - 1222597. Is w composite?
True
Let t be ((-10)/4)/((-3)/(-6)) + 1. Let d(i) = 232*i**2 + 2*i - 8. Let s be d(t). Suppose -5*c + s - 1481 = 0. Is c a prime number?
True
Let k(j) = 240*j**2 - 5*j - 4. Let r(s) = s + 1. Let u(b) = 2*k(b) + 6*r(b). Let d be u(-2). Let y = d + -1073. Is y composite?
False
Let n(i) = 638*i + 31. Let j be n(3). Let f = 3446 - j. Is f prime?
False
Let p(f) = 6*f**2 + 39*f + 19. Let u be (-1)/((-38)/12 + 3) + 4. Is p(u) prime?
True
Let f = 4374 - -9275. Is f a prime number?
True
Let v = -23365 - -33558. Is v a composite number?
False
Let z(p) = -2*p**3 - 110*p**2 + 112*p + 761. Is z(-58) composite?
False
Is 24670/(10 + 4 + -12) a composite number?
True
Let h(a) = 8*a + 155. Suppose -5*q + q = 4*m - 20, -15 = -q + 4*m. Is h(q) prime?
True
Let t(c) = 2226*c + 109. Let a be t(7). Suppose 5*g = -2*h + a, -3*g + 8971 + 455 = 5*h. Is g composite?
False
Suppose 136627 = 24*r - 21605. Suppose 7*j + r - 21496 = 0. Is j composite?
False
Suppose 0 = 5*q - 3*n - 3821585 - 133979, -q - 5*n = -791152. Is q prime?
True
Let s be ((-2)/(-4))/((-15)/(-2917590)). Suppose -s = -7*a + 44280. Is a a prime number?
True
Let i = -106 - -111. Is (12/3)/(i + -4) - -1393 a composite number?
True
Let i(o) = -208*o**3 - 6*o**2 - 37*o + 37. Is i(-14) a prime number?
True
Suppose 164666 = 13*s + 13437. Is s prime?
True
Let u = -4093 + 1524. Let n = u - -4594. Suppose -2*b + 437 = -n. Is b a prime number?
True
Let v = 9 + -3. Suppose v*g - 36 = -6. Suppose g*m = 2*k - 1678, -2*m = -3*k - 3*m + 2517. Is k prime?
True
Suppose 4*m - 13 + 135 = 2*n, 0 = -n - 4*m + 61. Let c(f) = -n + 2*f - 6*f + 4*f**2 + 58. Is c(-7) a prime number?
False
Let d(g) = g**3 + 20*g**2 - 20*g - 16. Let k(y) = 3*y**3 + 59*y**2 - 60*y - 48. Let u(x) = 8*d(x) - 3*k(x). Let o be u(-18). Is -267*(0 + o/12) composite?
True
Suppose -102*z + 317709 + 6041685 = 0. Is z a prime number?
True
Let r(d) = d**3 + 156*d**2 + 301*d + 733. Is r(-103) a composite number?
True
Let k = 5859 + 2881. Suppose -t - 3*u + k = -3714, -10 = -2*u. Is t composite?
True
Let f(z) = 2*z**3 + 30*z**2 + 29*z + 9. Let c be f(-21). Let s = 18163 + c. Is s a prime number?
False
Suppose f + 19 = 4*h - 6, -4*f - 4 = 0. Suppose -3*c - h = -l, -8 = -4*c - 4*l - 0. Is c + 3 + 0 + 716 prime?
False
Suppose 2*z - 7851 = -2*l - l, 5*l + z = 13078. Suppose 5*m - 10434 = m - 3*o, m + 4*o - l = 0. Is m + (0/(-1) - -4) a prime number?
False
Let o(a) = 162*a**2 - 4*a + 4. Let r(f) = 3*f - 28. Let p